{"id":18220,"date":"2023-07-31T23:34:43","date_gmt":"2023-08-01T02:34:43","guid":{"rendered":"https:\/\/www.comunidadlift.com\/membership-account\/profile\/"},"modified":"2025-11-17T15:40:23","modified_gmt":"2025-11-17T18:40:23","slug":"profile","status":"publish","type":"page","link":"https:\/\/www.comunidadlift.com\/membership-account\/profile\/","title":{"rendered":"Profile"},"content":{"rendered":"\t\t<div data-elementor-type=\"wp-page\" data-elementor-id=\"18220\" class=\"elementor elementor-18220\" data-elementor-post-type=\"page\">\n\t\t\t\t<div class=\"elementor-element elementor-element-9163d41 e-flex e-con-boxed e-con e-parent\" data-id=\"9163d41\" data-element_type=\"container\" data-e-type=\"container\">\n\t\t\t\t\t<div class=\"e-con-inner\">\n\t\t\t\t<div class=\"elementor-element elementor-element-67ef7c21 elementor-widget elementor-widget-text-editor\" data-id=\"67ef7c21\" data-element_type=\"widget\" data-e-type=\"widget\" data-widget_type=\"text-editor.default\">\n\t\t\t\t<div class=\"elementor-widget-container\">\n\t\t\t\t\t\t\t\t\t\n<p><style>\n.page-title {\n color: #ff0015!important;\n}\n.pmpro_card_content {\n  flex-direction: column;\n  justify-content: center;\n  flex-wrap: no-wrap;\n}\n[alt=\"Lifetime Member\"] {\n  order: -1; \n}\n.pmpro_member_profile_field-avatar .pmpro_member_profile_field_data, .pmpro_font-x-large, .pmpro_member_profile_field-pmpro_member_badge .pmpro_member_profile_field_data {\ndisplay:flex;\nflex-direction:row;\njustify-content:center;\n}\n.pmpro_member_profile_field-pmpro_member_badge .pmpro_member_profile_field_data {\nflex-direction:row;\nalign-items:center;\n}\n.pmpro_member_badge {\n  max-width:64px!important;\n  max-height:64px!important;\n  margin: 0 10px!important;\n}\n.pmpro_member_profile_field_data a, .pmpro-social-icon i {\n  font-size: 2rem;\n}\n.pmpro-social-facebook { color: #1877F2; }\n.pmpro-social-instagram { color: #C13584; }\n.pmpro-social-twitter { color: #000000; } \n.pmpro-social-youtube { color: #FF0000; }\n.pmpro-social-linkedin { color: #0A66C2; }\n.pmpro-social-discord { color: #5865F2; }\n\n.pmpro_card_actions {\ndisplay: flex;\nflex-direction:row;\nalign-items: center;\njustify-content:center;\n}\n.info-container {\nfont-size: 1.3rem;\n}\n.info-container, .social-container {\ndisplay:flex;\nflex-direction:row;\ntext-align:center;\njustify-content:space-around;\n}\n\n.pmpro_card_content > p:nth-child(6), .pmpro_card_content > p:nth-child(7),.pmpro_card_content > p:nth-child(8),.pmpro_card_content > p:nth-child(9) {\ndisplay: none;\n}\n\n<\/style><\/p>\n\n<p><script>\ndocument.addEventListener(\"DOMContentLoaded\", function () {\n  \/\/ ----------------------------------------------------\n  \/\/ Tus scripts originales para modificar texto de enlaces\n  \/\/ ----------------------------------------------------\n  var todosmiembros = document.querySelector(\"#pmpro_actionlink-view-all-members\");\n  if (todosmiembros) {\n    todosmiembros.textContent = \"Ver todos los miembros\";\n  }\n\n  var editarPerfil = document.querySelector(\"#pmpro_actionlink-profile\");\n  if (editarPerfil) {\n    editarPerfil.textContent = \"Editar Perfil\";\n  }\n\n  \/\/ ----------------------------------------------------\n  \/\/ Funci\u00f3n para asegurar que Font Awesome est\u00e9 cargado\n  \/\/ ----------------------------------------------------\n  (function ensureFA() {\n    var hasFA = document.querySelector('link[href*=\"fontawesome\"],link[href*=\"font-awesome\"]');\n    if (!hasFA) {\n      var l = document.createElement('link');\n      l.rel = 'stylesheet';\n      l.href = 'https:\/\/cdnjs.cloudflare.com\/ajax\/libs\/font-awesome\/6.5.0\/css\/all.min.css';\n      document.head.appendChild(l);\n    }\n  })();\n\n  \/\/ ----------------------------------------------------\n  \/\/ Script para manejar \u00edconos en campos del perfil\n  \/\/ ----------------------------------------------------\n  var fieldMap = {\n    facebook: { icon: 'fab fa-facebook', title: 'Facebook', type: 'social', target: 'link' },\n    instagram: { icon: 'fab fa-instagram', title: 'Instagram', type: 'social', target: 'link' },\n    linkedin: { icon: 'fab fa-linkedin-in', title: 'LinkedIn', type: 'social', target: 'link' },\n    discord: { icon: 'fab fa-discord', title: 'Discord', type: 'social', target: 'text' },\n    user_email: { icon: 'fas fa-envelope', title: 'Email', type: 'info', target: 'text' },\n    membership_startdate: { icon: 'fas fa-calendar-alt', title: 'Start Date', type: 'info', target: 'text' }\n  };\n\n  document.querySelectorAll('.pmpro_member_profile_field').forEach(function (field) {\n    var classes = field.className.split(\/\\s+\/);\n    var fieldKey = null;\n\n    classes.forEach(function (c) {\n      if (c.indexOf('pmpro_member_profile_field-') === 0) {\n        fieldKey = c.replace('pmpro_member_profile_field-', '').toLowerCase();\n      }\n    });\n\n    if (!fieldKey || !fieldMap[fieldKey]) return;\n\n    var config = fieldMap[fieldKey];\n    var dataCell = field.querySelector('.pmpro_member_profile_field_data');\n    if (!dataCell) return;\n\n    if (config.type === 'social') {\n      var valueElement = null;\n      if (config.target === 'link') {\n        valueElement = dataCell.querySelector('a[href]');\n        if (!valueElement) return;\n      } else if (config.target === 'text') {\n        valueElement = dataCell;\n      }\n      \n      var icon = document.createElement('i');\n      icon.className = config.icon;\n      icon.setAttribute('aria-hidden', 'true');\n      icon.classList.add('pmpro-social-icon', 'pmpro-social-' + fieldKey);\n\n      var label = field.querySelector('.pmpro_member_profile_field_label');\n      if (label) label.style.display = 'none';\n\n      if (config.target === 'link') {\n        valueElement.textContent = '';\n        valueElement.appendChild(icon);\n        valueElement.title = config.title;\n      } else if (config.target === 'text') {\n        var originalText = dataCell.textContent.trim();\n        dataCell.textContent = '';\n        var iconWrapper = document.createElement('span');\n        iconWrapper.appendChild(icon);\n        iconWrapper.classList.add('pmpro-social-icon');\n        dataCell.appendChild(iconWrapper);\n        \n        var textNode = document.createElement('span');\n        textNode.textContent = ' ' + originalText;\n        dataCell.appendChild(textNode);\n        dataCell.title = config.title;\n      }\n\n    } else if (config.type === 'info') {\n      var linkElement = dataCell.querySelector('a');\n      var icon = document.createElement('i');\n      icon.className = config.icon;\n      icon.setAttribute('aria-hidden', 'true');\n      icon.classList.add('pmpro-info-icon');\n\n      if (linkElement) {\n        linkElement.insertBefore(icon, linkElement.firstChild);\n        linkElement.classList.add('pmpro-field-with-icon');\n      } else {\n        var textNode = dataCell.firstChild;\n        if (textNode) {\n          dataCell.insertBefore(icon, textNode);\n          dataCell.classList.add('pmpro-field-with-icon');\n        }\n      }\n\n      var label = field.querySelector('.pmpro_member_profile_field_label');\n      if (label) label.style.display = 'none';\n    }\n  });\n\n  \/\/ ----------------------------------------------------\n  \/\/ Nuevo script para crear y mover elementos a contenedores\n  \/\/ (Este c\u00f3digo debe ir al final para que los elementos ya hayan sido modificados por el script de \u00edconos)\n  \/\/ ----------------------------------------------------\n  var cardContent = document.querySelector('.pmpro_card_content');\n  if (cardContent) {\n    \/\/ 1. Crear los dos nuevos contenedores\n    var infoContainer = document.createElement('div');\n    infoContainer.classList.add('info-container');\n\n    var socialContainer = document.createElement('div');\n    socialContainer.classList.add('social-container');\n\n    \/\/ 2. Mover los elementos a los nuevos contenedores\n    var dateField = document.querySelector('.pmpro_member_profile_field-membership_startdate');\n    var emailField = document.querySelector('.pmpro_member_profile_field-user_email');\n    var socialFields = document.querySelectorAll('.pmpro-social-icon');\n\n    if (dateField) {\n      infoContainer.appendChild(dateField);\n    }\n    \n    if (emailField) {\n      infoContainer.appendChild(emailField);\n    }\n    \n    if (socialFields.length > 0) {\n      socialFields.forEach(function(icon) {\n        var parentField = icon.closest('.pmpro_member_profile_field');\n        if (parentField) {\n          socialContainer.appendChild(parentField);\n        }\n      });\n    }\n\n    \/\/ 3. Agregar los nuevos contenedores al .pmpro_card_content\n    cardContent.appendChild(infoContainer);\n    cardContent.appendChild(socialContainer);\n  }\n});\n<\/script><\/p>\n<p>Unable to retrieve member profile. <a href=\"https:\/\/www.comunidadlift.com\/membership-account\/directory\/\">Go back to Directory<\/a><\/p>\n\t\t\t\t\t\t\t\t<\/div>\n\t\t\t\t<\/div>\n\t\t\t\t\t<\/div>\n\t\t\t\t<\/div>\n\t\t\t\t<\/div>\n\t\t","protected":false},"excerpt":{"rendered":"","protected":false},"author":1,"featured_media":0,"parent":2535,"menu_order":0,"comment_status":"closed","ping_status":"closed","template":"","meta":{"_bbp_topic_count":0,"_bbp_reply_count":0,"_bbp_total_topic_count":0,"_bbp_total_reply_count":0,"_bbp_voice_count":0,"_bbp_anonymous_reply_count":0,"_bbp_topic_count_hidden":0,"_bbp_reply_count_hidden":0,"_bbp_forum_subforum_count":0,"pmpro_default_level":"","footnotes":""},"class_list":["post-18220","page","type-page","status-publish","hentry","pmpro-has-access"],"yoast_head":"<!-- This site is optimized with the Yoast SEO plugin v27.5 - https:\/\/yoast.com\/product\/yoast-seo-wordpress\/ -->\n<title>Profile - Comunidad Lift<\/title>\n<meta name=\"robots\" content=\"index, follow, max-snippet:-1, max-image-preview:large, max-video-preview:-1\" \/>\n<link rel=\"canonical\" href=\"https:\/\/www.comunidadlift.com\/membership-account\/profile\/\" \/>\n<meta property=\"og:locale\" content=\"es_ES\" \/>\n<meta property=\"og:type\" content=\"article\" \/>\n<meta property=\"og:title\" content=\"Profile - Comunidad Lift\" \/>\n<meta property=\"og:url\" content=\"https:\/\/www.comunidadlift.com\/membership-account\/profile\/\" \/>\n<meta property=\"og:site_name\" content=\"Comunidad Lift\" \/>\n<meta property=\"article:modified_time\" content=\"2025-11-17T18:40:23+00:00\" \/>\n<meta name=\"twitter:card\" content=\"summary_large_image\" \/>\n<meta name=\"twitter:label1\" content=\"Tiempo de lectura\" \/>\n\t<meta name=\"twitter:data1\" content=\"1 minuto\" \/>\n<script type=\"application\/ld+json\" class=\"yoast-schema-graph\">{\"@context\":\"https:\\\/\\\/schema.org\",\"@graph\":[{\"@type\":\"WebPage\",\"@id\":\"https:\\\/\\\/www.comunidadlift.com\\\/membership-account\\\/profile\\\/\",\"url\":\"https:\\\/\\\/www.comunidadlift.com\\\/membership-account\\\/profile\\\/\",\"name\":\"Profile - Comunidad Lift\",\"isPartOf\":{\"@id\":\"https:\\\/\\\/www.comunidadlift.com\\\/#website\"},\"datePublished\":\"2023-08-01T02:34:43+00:00\",\"dateModified\":\"2025-11-17T18:40:23+00:00\",\"breadcrumb\":{\"@id\":\"https:\\\/\\\/www.comunidadlift.com\\\/membership-account\\\/profile\\\/#breadcrumb\"},\"inLanguage\":\"es-AR\",\"potentialAction\":[{\"@type\":\"ReadAction\",\"target\":[\"https:\\\/\\\/www.comunidadlift.com\\\/membership-account\\\/profile\\\/\"]}]},{\"@type\":\"BreadcrumbList\",\"@id\":\"https:\\\/\\\/www.comunidadlift.com\\\/membership-account\\\/profile\\\/#breadcrumb\",\"itemListElement\":[{\"@type\":\"ListItem\",\"position\":1,\"name\":\"Inicio\",\"item\":\"https:\\\/\\\/www.comunidadlift.com\\\/\"},{\"@type\":\"ListItem\",\"position\":2,\"name\":\"Cuenta de Membres\u00eda\",\"item\":\"https:\\\/\\\/www.comunidadlift.com\\\/membership-account\\\/\"},{\"@type\":\"ListItem\",\"position\":3,\"name\":\"Profile\"}]},{\"@type\":\"WebSite\",\"@id\":\"https:\\\/\\\/www.comunidadlift.com\\\/#website\",\"url\":\"https:\\\/\\\/www.comunidadlift.com\\\/\",\"name\":\"Comunidad Lift\",\"description\":\"Tu \u00daltima Inversi\u00f3n En Educaci\u00f3n\",\"publisher\":{\"@id\":\"https:\\\/\\\/www.comunidadlift.com\\\/#organization\"},\"potentialAction\":[{\"@type\":\"SearchAction\",\"target\":{\"@type\":\"EntryPoint\",\"urlTemplate\":\"https:\\\/\\\/www.comunidadlift.com\\\/?s={search_term_string}\"},\"query-input\":{\"@type\":\"PropertyValueSpecification\",\"valueRequired\":true,\"valueName\":\"search_term_string\"}}],\"inLanguage\":\"es-AR\"},{\"@type\":\"Organization\",\"@id\":\"https:\\\/\\\/www.comunidadlift.com\\\/#organization\",\"name\":\"Comunidad Lift\",\"url\":\"https:\\\/\\\/www.comunidadlift.com\\\/\",\"logo\":{\"@type\":\"ImageObject\",\"inLanguage\":\"es-AR\",\"@id\":\"https:\\\/\\\/www.comunidadlift.com\\\/#\\\/schema\\\/logo\\\/image\\\/\",\"url\":\"https:\\\/\\\/www.comunidadlift.com\\\/wp-content\\\/uploads\\\/2021\\\/08\\\/isotipo_blanco_header.svg\",\"contentUrl\":\"https:\\\/\\\/www.comunidadlift.com\\\/wp-content\\\/uploads\\\/2021\\\/08\\\/isotipo_blanco_header.svg\",\"width\":78,\"height\":66,\"caption\":\"Comunidad Lift\"},\"image\":{\"@id\":\"https:\\\/\\\/www.comunidadlift.com\\\/#\\\/schema\\\/logo\\\/image\\\/\"}}]}<\/script>\n<!-- \/ Yoast SEO plugin. -->","yoast_head_json":{"title":"Profile - Comunidad Lift","robots":{"index":"index","follow":"follow","max-snippet":"max-snippet:-1","max-image-preview":"max-image-preview:large","max-video-preview":"max-video-preview:-1"},"canonical":"https:\/\/www.comunidadlift.com\/membership-account\/profile\/","og_locale":"es_ES","og_type":"article","og_title":"Profile - Comunidad Lift","og_url":"https:\/\/www.comunidadlift.com\/membership-account\/profile\/","og_site_name":"Comunidad Lift","article_modified_time":"2025-11-17T18:40:23+00:00","twitter_card":"summary_large_image","twitter_misc":{"Tiempo de lectura":"1 minuto"},"schema":{"@context":"https:\/\/schema.org","@graph":[{"@type":"WebPage","@id":"https:\/\/www.comunidadlift.com\/membership-account\/profile\/","url":"https:\/\/www.comunidadlift.com\/membership-account\/profile\/","name":"Profile - Comunidad Lift","isPartOf":{"@id":"https:\/\/www.comunidadlift.com\/#website"},"datePublished":"2023-08-01T02:34:43+00:00","dateModified":"2025-11-17T18:40:23+00:00","breadcrumb":{"@id":"https:\/\/www.comunidadlift.com\/membership-account\/profile\/#breadcrumb"},"inLanguage":"es-AR","potentialAction":[{"@type":"ReadAction","target":["https:\/\/www.comunidadlift.com\/membership-account\/profile\/"]}]},{"@type":"BreadcrumbList","@id":"https:\/\/www.comunidadlift.com\/membership-account\/profile\/#breadcrumb","itemListElement":[{"@type":"ListItem","position":1,"name":"Inicio","item":"https:\/\/www.comunidadlift.com\/"},{"@type":"ListItem","position":2,"name":"Cuenta de Membres\u00eda","item":"https:\/\/www.comunidadlift.com\/membership-account\/"},{"@type":"ListItem","position":3,"name":"Profile"}]},{"@type":"WebSite","@id":"https:\/\/www.comunidadlift.com\/#website","url":"https:\/\/www.comunidadlift.com\/","name":"Comunidad Lift","description":"Tu \u00daltima Inversi\u00f3n En Educaci\u00f3n","publisher":{"@id":"https:\/\/www.comunidadlift.com\/#organization"},"potentialAction":[{"@type":"SearchAction","target":{"@type":"EntryPoint","urlTemplate":"https:\/\/www.comunidadlift.com\/?s={search_term_string}"},"query-input":{"@type":"PropertyValueSpecification","valueRequired":true,"valueName":"search_term_string"}}],"inLanguage":"es-AR"},{"@type":"Organization","@id":"https:\/\/www.comunidadlift.com\/#organization","name":"Comunidad Lift","url":"https:\/\/www.comunidadlift.com\/","logo":{"@type":"ImageObject","inLanguage":"es-AR","@id":"https:\/\/www.comunidadlift.com\/#\/schema\/logo\/image\/","url":"https:\/\/www.comunidadlift.com\/wp-content\/uploads\/2021\/08\/isotipo_blanco_header.svg","contentUrl":"https:\/\/www.comunidadlift.com\/wp-content\/uploads\/2021\/08\/isotipo_blanco_header.svg","width":78,"height":66,"caption":"Comunidad Lift"},"image":{"@id":"https:\/\/www.comunidadlift.com\/#\/schema\/logo\/image\/"}}]}},"_links":{"self":[{"href":"https:\/\/www.comunidadlift.com\/wp-json\/wp\/v2\/pages\/18220","targetHints":{"allow":["GET"]}}],"collection":[{"href":"https:\/\/www.comunidadlift.com\/wp-json\/wp\/v2\/pages"}],"about":[{"href":"https:\/\/www.comunidadlift.com\/wp-json\/wp\/v2\/types\/page"}],"author":[{"embeddable":true,"href":"https:\/\/www.comunidadlift.com\/wp-json\/wp\/v2\/users\/1"}],"replies":[{"embeddable":true,"href":"https:\/\/www.comunidadlift.com\/wp-json\/wp\/v2\/comments?post=18220"}],"version-history":[{"count":266,"href":"https:\/\/www.comunidadlift.com\/wp-json\/wp\/v2\/pages\/18220\/revisions"}],"predecessor-version":[{"id":26033,"href":"https:\/\/www.comunidadlift.com\/wp-json\/wp\/v2\/pages\/18220\/revisions\/26033"}],"up":[{"embeddable":true,"href":"https:\/\/www.comunidadlift.com\/wp-json\/wp\/v2\/pages\/2535"}],"wp:attachment":[{"href":"https:\/\/www.comunidadlift.com\/wp-json\/wp\/v2\/media?parent=18220"}],"curies":[{"name":"wp","href":"https:\/\/api.w.org\/{rel}","templated":true}]}}