{"id":1441,"date":"2021-11-25T10:31:10","date_gmt":"2021-11-25T13:31:10","guid":{"rendered":"https:\/\/www.comunidadlift.com\/?page_id=1441"},"modified":"2026-02-26T15:23:34","modified_gmt":"2026-02-26T18:23:34","slug":"contenido-gratuito","status":"publish","type":"page","link":"https:\/\/www.comunidadlift.com\/contenido-gratuito\/","title":{"rendered":"Gratis"},"content":{"rendered":"\t\t<div data-elementor-type=\"wp-page\" data-elementor-id=\"1441\" class=\"elementor elementor-1441\" data-elementor-post-type=\"page\">\n\t\t\t\t\t\t<section class=\"elementor-section elementor-top-section elementor-element elementor-element-d293e2e elementor-section-boxed elementor-section-height-default elementor-section-height-default\" data-id=\"d293e2e\" data-element_type=\"section\" data-e-type=\"section\" data-settings=\"{&quot;background_background&quot;:&quot;classic&quot;}\">\n\t\t\t\t\t\t\t<div class=\"elementor-background-overlay\"><\/div>\n\t\t\t\t\t\t\t<div class=\"elementor-container elementor-column-gap-default\">\n\t\t\t\t\t<div class=\"elementor-column elementor-col-50 elementor-top-column elementor-element elementor-element-aa92511\" data-id=\"aa92511\" data-element_type=\"column\" data-e-type=\"column\">\n\t\t\t<div class=\"elementor-widget-wrap elementor-element-populated\">\n\t\t\t\t\t\t<div class=\"elementor-element elementor-element-7969a06 elementor-widget elementor-widget-breadcrumbs\" data-id=\"7969a06\" data-element_type=\"widget\" data-e-type=\"widget\" data-widget_type=\"breadcrumbs.default\">\n\t\t\t\t<div class=\"elementor-widget-container\">\n\t\t\t\t\t<p id=\"breadcrumbs\"><span><span><a href=\"https:\/\/www.comunidadlift.com\/\">Inicio<\/a><\/span><\/span><\/p>\t\t\t\t<\/div>\n\t\t\t\t<\/div>\n\t\t\t\t<div class=\"elementor-element elementor-element-6f620cb elementor-widget elementor-widget-heading\" data-id=\"6f620cb\" data-element_type=\"widget\" data-e-type=\"widget\" data-widget_type=\"heading.default\">\n\t\t\t\t<div class=\"elementor-widget-container\">\n\t\t\t\t\t<h2 class=\"elementor-heading-title elementor-size-default\">Planilla para Monitoreo de Wellness<\/h2>\t\t\t\t<\/div>\n\t\t\t\t<\/div>\n\t\t\t\t<div class=\"elementor-element elementor-element-e876230 elementor-widget-divider--view-line elementor-widget elementor-widget-divider\" data-id=\"e876230\" data-element_type=\"widget\" data-e-type=\"widget\" data-widget_type=\"divider.default\">\n\t\t\t\t<div class=\"elementor-widget-container\">\n\t\t\t\t\t\t\t<div class=\"elementor-divider\">\n\t\t\t<span class=\"elementor-divider-separator\">\n\t\t\t\t\t\t<\/span>\n\t\t<\/div>\n\t\t\t\t\t\t<\/div>\n\t\t\t\t<\/div>\n\t\t\t\t<div class=\"elementor-element elementor-element-1591e83 elementor-widget elementor-widget-text-editor\" data-id=\"1591e83\" data-element_type=\"widget\" data-e-type=\"widget\" data-widget_type=\"text-editor.default\">\n\t\t\t\t<div class=\"elementor-widget-container\">\n\t\t\t\t\t\t\t\t\t<p><span style=\"font-weight: 400;\">Uno de nuestros objetivos es facilitar las tareas diarias de los profesionales de la industria del entrenamiento f\u00edsico. Por eso, hoy ponemos a tu disposici\u00f3n <\/span><b>una planilla de c\u00e1lculo completamente gratuita <\/b><span style=\"font-weight: 400;\">con la que podr\u00e1s<\/span><b> monitorear el nivel de wellness <\/b><span style=\"font-weight: 400;\">de atletas tanto profesionales como amateurs.\u00a0\u00a0<\/span><span style=\"font-weight: 400;\"><br \/><\/span><\/p>\t\t\t\t\t\t\t\t<\/div>\n\t\t\t\t<\/div>\n\t\t\t\t\t<\/div>\n\t\t<\/div>\n\t\t\t\t<div class=\"elementor-column elementor-col-50 elementor-top-column elementor-element elementor-element-5017665\" data-id=\"5017665\" data-element_type=\"column\" data-e-type=\"column\" data-settings=\"{&quot;background_background&quot;:&quot;classic&quot;}\">\n\t\t\t<div class=\"elementor-widget-wrap elementor-element-populated\">\n\t\t\t\t\t\t<div class=\"elementor-element elementor-element-dda702d elementor-widget elementor-widget-html\" data-id=\"dda702d\" data-element_type=\"widget\" data-e-type=\"widget\" data-widget_type=\"html.default\">\n\t\t\t\t<div class=\"elementor-widget-container\">\n\t\t\t\t\t<!-- SendPulse Subscription Form -->\n <style >.sp-force-hide { display: none;}.sp-form[sp-id=\"252052\"] { display: block; background: rgba(0, 0, 0, 0); padding: 15px; width: 100%; max-width: 100%; border-radius: 8px; font-family: Arial, \"Helvetica Neue\", sans-serif; background-repeat: no-repeat; background-position: center; background-size: auto;}.sp-form[sp-id=\"252052\"] input[type=\"checkbox\"] { display: inline-block; opacity: 1; visibility: visible;}.sp-form[sp-id=\"252052\"] .sp-form-fields-wrapper { margin: 0 auto; width: 930px;}.sp-form[sp-id=\"252052\"] .sp-form-control { background: rgba(247, 247, 247, 1); border-color: #cccccc; border-style: solid; border-width: 0px; font-size: 15px; padding-left: 8.75px; padding-right: 8.75px; border-radius: 5px; height: 35px; width: 100%;}.sp-form[sp-id=\"252052\"] .sp-field label { color: rgba(255, 255, 255, 1); font-size: 13px; font-style: normal; font-weight: bold;}.sp-form[sp-id=\"252052\"] .sp-button-messengers { border-radius: 5px;}.sp-form[sp-id=\"252052\"] .sp-button { border-radius: 4px; background-color: #63bf00; color: #ffffff; width: 100%; font-weight: 700; font-style: normal; font-family: Arial, sans-serif; box-shadow: none;}.sp-form[sp-id=\"252052\"] .sp-button-container { text-align: left; width: 100%;}<\/style><div class=\"sp-form-outer sp-force-hide\"><div id=\"sp-form-252052\" sp-id=\"252052\" sp-hash=\"2f1a7bece2a10e2f214980585bfa0e876051cf3c524f56a3409063ce95c040e8\" sp-lang=\"es-mx\" class=\"sp-form sp-form-regular sp-form-embed sp-form-full-width\" sp-show-options=\"%7B%22satellite%22%3Afalse%2C%22maDomain%22%3A%22login.sendpulse.com%22%2C%22formsDomain%22%3A%22forms.sendpulse.com%22%2C%22condition%22%3A%22onEnter%22%2C%22scrollTo%22%3A25%2C%22delay%22%3A10%2C%22repeat%22%3A3%2C%22background%22%3A%22rgba(0%2C%200%2C%200%2C%200.5)%22%2C%22position%22%3A%22bottom-right%22%2C%22animation%22%3A%22%22%2C%22hideOnMobile%22%3Afalse%2C%22submitRedirectUrl%22%3A%22%22%2C%22urlFilter%22%3Afalse%2C%22urlFilterConditions%22%3A%5B%7B%22force%22%3A%22hide%22%2C%22clause%22%3A%22contains%22%2C%22token%22%3A%22%22%7D%5D%2C%22analytics%22%3A%7B%22ga%22%3A%7B%22eventLabel%22%3A%22Formulario_de_suscripci_n_Todos_contactos%22%2C%22send%22%3Afalse%7D%7D%2C%22utmEnable%22%3Afalse%7D\"><div class=\"sp-form-fields-wrapper show-grid\"><div class=\"sp-message\"><div><\/div><\/div><form novalidate=\"\" class=\"sp-element-container \"><div class=\"sp-field \" sp-id=\"sp-29c1d6df-454b-46b3-bd68-1e56ea5df3d2\"><label class=\"sp-control-label\"><span >Nombre<\/span><strong ><\/strong><\/label><input type=\"text\" sp-type=\"input\" name=\"sform[Tm9tYnJl]\" class=\"sp-form-control \" placeholder=\"Nombre\" sp-tips=\"%7B%22required%22%3A%22Archivo%20requerido%22%7D\" autocomplete=\"on\" required=\"required\"><\/div><div class=\"sp-field \" sp-id=\"sp-cc82f232-ecb9-4917-bcd2-ac138a76ebc1\"><label class=\"sp-control-label\"><span >Correo<\/span><strong ><\/strong><\/label><input type=\"email\" sp-type=\"email\" name=\"sform[email]\" class=\"sp-form-control \" placeholder=\"email@gmail.com\" sp-tips=\"%7B%22required%22%3A%22Archivo%20requerido%22%2C%22wrong%22%3A%22Correo%20incorrecto%22%7D\" autocomplete=\"on\" required=\"required\"><\/div><div class=\"sp-field \" sp-id=\"sp-f50509ee-7e68-4e04-96aa-1ebcc076f538\"><label class=\"sp-control-label\"><span >Tel\u00e9fono<\/span><strong ><\/strong><\/label><input type=\"tel\" sp-type=\"phone\" name=\"sform[phone]\" class=\"sp-form-control \" placeholder=\"1234567890\" sp-tips=\"%7B%22wrong%22%3A%22Tel%C3%A9fono%20incorrecto%22%2C%22required%22%3A%22Archivo%20requerido%22%7D\" autocomplete=\"on\" required=\"required\"><\/div><div class=\"sp-field \" sp-id=\"sp-7d6e8fba-fd79-4221-8636-674cd4b637bb\"><label class=\"sp-control-label\"><span >Pais<\/span><strong ><\/strong><\/label><input type=\"text\" sp-type=\"input\" name=\"sform[RXN0YWRv]\" class=\"sp-form-control \" placeholder=\"pais\" sp-tips=\"%7B%22required%22%3A%22Archivo%20requerido%22%7D\" autocomplete=\"on\" required=\"required\"><\/div><div class=\"sp-field sp-button-container \" sp-id=\"sp-9e4cf475-b20b-49de-96b3-aa0c9a4d4e2f\"><button id=\"sp-9e4cf475-b20b-49de-96b3-aa0c9a4d4e2f\" class=\"sp-button\">DESCARGAR <\/button><\/div><\/form><div class=\"sp-link-wrapper sp-brandname__left \"><\/div><\/div><\/div><\/div><script type=\"text\/javascript\" async=\"async\" src=\"\/\/web.webformscr.com\/apps\/fc3\/build\/default-handler.js?1758181175060\"><\/script> \n<!-- \/SendPulse Subscription Form -->\t\t\t\t<\/div>\n\t\t\t\t<\/div>\n\t\t\t\t\t<\/div>\n\t\t<\/div>\n\t\t\t\t\t<\/div>\n\t\t<\/section>\n\t\t\t\t<section class=\"elementor-section elementor-top-section elementor-element elementor-element-bda0672 elementor-section-boxed elementor-section-height-default elementor-section-height-default\" data-id=\"bda0672\" data-element_type=\"section\" data-e-type=\"section\">\n\t\t\t\t\t\t<div class=\"elementor-container elementor-column-gap-default\">\n\t\t\t\t\t<div class=\"elementor-column elementor-col-100 elementor-top-column elementor-element elementor-element-0778274\" data-id=\"0778274\" data-element_type=\"column\" data-e-type=\"column\">\n\t\t\t<div class=\"elementor-widget-wrap elementor-element-populated\">\n\t\t\t\t\t\t<div class=\"elementor-element elementor-element-1880ca9 elementor-widget elementor-widget-video\" data-id=\"1880ca9\" data-element_type=\"widget\" data-e-type=\"widget\" data-settings=\"{&quot;video_type&quot;:&quot;vimeo&quot;}\" data-widget_type=\"video.default\">\n\t\t\t\t<div class=\"elementor-widget-container\">\n\t\t\t\t\t\t\t<div class=\"elementor-wrapper elementor-open-inline\">\n\t\t\t<iframe class=\"elementor-video-iframe\" allowfullscreen allow=\"clipboard-write\" title=\"Reproductor de v\u00eddeo vimeo\" src=\"https:\/\/player.vimeo.com\/video\/693531276?color&amp;autopause=0&amp;loop=0&amp;muted=0&amp;title=1&amp;portrait=1&amp;byline=1&amp;h=c2cf33cc14#t=\"><\/iframe>\t\t<\/div>\n\t\t\t\t\t\t<\/div>\n\t\t\t\t<\/div>\n\t\t\t\t\t<\/div>\n\t\t<\/div>\n\t\t\t\t\t<\/div>\n\t\t<\/section>\n\t\t\t\t<section class=\"elementor-section elementor-top-section elementor-element elementor-element-b9831d1 elementor-section-boxed elementor-section-height-default elementor-section-height-default\" data-id=\"b9831d1\" data-element_type=\"section\" data-e-type=\"section\" data-settings=\"{&quot;background_background&quot;:&quot;classic&quot;}\">\n\t\t\t\t\t\t<div class=\"elementor-container elementor-column-gap-default\">\n\t\t\t\t\t<div class=\"elementor-column elementor-col-50 elementor-top-column elementor-element elementor-element-be56c8c\" data-id=\"be56c8c\" data-element_type=\"column\" data-e-type=\"column\">\n\t\t\t<div class=\"elementor-widget-wrap elementor-element-populated\">\n\t\t\t\t\t\t<section class=\"elementor-section elementor-inner-section elementor-element elementor-element-2d9b8f0 elementor-section-boxed elementor-section-height-default elementor-section-height-default\" data-id=\"2d9b8f0\" data-element_type=\"section\" data-e-type=\"section\">\n\t\t\t\t\t\t<div class=\"elementor-container elementor-column-gap-default\">\n\t\t\t\t\t<div class=\"elementor-column elementor-col-100 elementor-inner-column elementor-element elementor-element-bf8d677\" data-id=\"bf8d677\" data-element_type=\"column\" data-e-type=\"column\">\n\t\t\t<div class=\"elementor-widget-wrap elementor-element-populated\">\n\t\t\t\t\t\t<div class=\"elementor-element elementor-element-f848122 elementor-widget elementor-widget-heading\" data-id=\"f848122\" data-element_type=\"widget\" data-e-type=\"widget\" data-widget_type=\"heading.default\">\n\t\t\t\t<div class=\"elementor-widget-container\">\n\t\t\t\t\t<h2 class=\"elementor-heading-title elementor-size-default\">\u00bfQu\u00e9 puedo hacer con esta planilla?<\/h2>\t\t\t\t<\/div>\n\t\t\t\t<\/div>\n\t\t\t\t<div class=\"elementor-element elementor-element-0e4d3f9 elementor-widget elementor-widget-text-editor\" data-id=\"0e4d3f9\" data-element_type=\"widget\" data-e-type=\"widget\" data-widget_type=\"text-editor.default\">\n\t\t\t\t<div class=\"elementor-widget-container\">\n\t\t\t\t\t\t\t\t\t<p><span style=\"font-weight: 400;\">Podr\u00e1s evaluar par\u00e1metros como niveles de fatiga, energ\u00eda, calidad de sue\u00f1o, estr\u00e9s y dolor muscular de los atletas para poder as\u00ed ajustar las cargas diarias, prevenir potenciales lesiones y optimizar las aplicaciones buscadas.\u00a0<\/span><\/p><p>\u00a0<\/p>\t\t\t\t\t\t\t\t<\/div>\n\t\t\t\t<\/div>\n\t\t\t\t\t<\/div>\n\t\t<\/div>\n\t\t\t\t\t<\/div>\n\t\t<\/section>\n\t\t\t\t\t<\/div>\n\t\t<\/div>\n\t\t\t\t<div class=\"elementor-column elementor-col-50 elementor-top-column elementor-element elementor-element-53bd480\" data-id=\"53bd480\" data-element_type=\"column\" data-e-type=\"column\">\n\t\t\t<div class=\"elementor-widget-wrap elementor-element-populated\">\n\t\t\t\t\t\t<section class=\"elementor-section elementor-inner-section elementor-element elementor-element-ba441b1 elementor-section-boxed elementor-section-height-default elementor-section-height-default\" data-id=\"ba441b1\" data-element_type=\"section\" data-e-type=\"section\">\n\t\t\t\t\t\t<div class=\"elementor-container elementor-column-gap-default\">\n\t\t\t\t\t<div class=\"elementor-column elementor-col-100 elementor-inner-column elementor-element elementor-element-b82842a\" data-id=\"b82842a\" data-element_type=\"column\" data-e-type=\"column\">\n\t\t\t<div class=\"elementor-widget-wrap elementor-element-populated\">\n\t\t\t\t\t\t<div class=\"elementor-element elementor-element-2ea130e elementor-widget elementor-widget-heading\" data-id=\"2ea130e\" data-element_type=\"widget\" data-e-type=\"widget\" data-widget_type=\"heading.default\">\n\t\t\t\t<div class=\"elementor-widget-container\">\n\t\t\t\t\t<h2 class=\"elementor-heading-title elementor-size-default\">\u00bfEs f\u00e1cil de usar?\n\n<\/h2>\t\t\t\t<\/div>\n\t\t\t\t<\/div>\n\t\t\t\t<div class=\"elementor-element elementor-element-7df0a83 elementor-widget elementor-widget-text-editor\" data-id=\"7df0a83\" data-element_type=\"widget\" data-e-type=\"widget\" data-widget_type=\"text-editor.default\">\n\t\t\t\t<div class=\"elementor-widget-container\">\n\t\t\t\t\t\t\t\t\t<p><span style=\"font-weight: 400;\">Esta planilla posee una interfaz muy sencilla e intuitiva, con herramientas estad\u00edsticas avanzadas para que r\u00e1pidamente puedas realizar reportes e informes visualmente atractivos\u00a0 Adem\u00e1s te guiaremos en su implementaci\u00f3n con sencillos videos paso a paso. No te pierdas la \u00faltima planilla de wellness que querr\u00e1s usar en tu vida. <\/span><\/p>\t\t\t\t\t\t\t\t<\/div>\n\t\t\t\t<\/div>\n\t\t\t\t\t<\/div>\n\t\t<\/div>\n\t\t\t\t\t<\/div>\n\t\t<\/section>\n\t\t\t\t\t<\/div>\n\t\t<\/div>\n\t\t\t\t\t<\/div>\n\t\t<\/section>\n\t\t\t\t<section class=\"elementor-section elementor-top-section elementor-element elementor-element-b6eba5d elementor-section-boxed elementor-section-height-default elementor-section-height-default\" data-id=\"b6eba5d\" data-element_type=\"section\" data-e-type=\"section\">\n\t\t\t\t\t\t<div class=\"elementor-container elementor-column-gap-default\">\n\t\t\t\t\t<div class=\"elementor-column elementor-col-100 elementor-top-column elementor-element elementor-element-17be18f\" data-id=\"17be18f\" data-element_type=\"column\" data-e-type=\"column\">\n\t\t\t<div class=\"elementor-widget-wrap elementor-element-populated\">\n\t\t\t\t\t\t<div class=\"elementor-element elementor-element-0555554 elementor-widget elementor-widget-image\" data-id=\"0555554\" data-element_type=\"widget\" data-e-type=\"widget\" data-widget_type=\"image.default\">\n\t\t\t\t<div class=\"elementor-widget-container\">\n\t\t\t\t\t\t\t\t\t\t\t\t\t\t\t<img decoding=\"async\" width=\"275\" height=\"96\" src=\"https:\/\/www.comunidadlift.com\/wp-content\/uploads\/2021\/11\/comunidadlift_rojo.svg\" class=\"attachment-large size-large wp-image-1150\" alt=\"\" \/>\t\t\t\t\t\t\t\t\t\t\t\t\t\t\t<\/div>\n\t\t\t\t<\/div>\n\t\t\t\t<div class=\"elementor-element elementor-element-3091e70 elementor-widget elementor-widget-html\" data-id=\"3091e70\" data-element_type=\"widget\" data-e-type=\"widget\" data-widget_type=\"html.default\">\n\t\t\t\t<div class=\"elementor-widget-container\">\n\t\t\t\t\t<script type=\"text\/javascript\" src=\"https:\/\/api.clientify.net\/web-marketing\/webforms\/external\/script\/249645.js\"><\/script>\t\t\t\t<\/div>\n\t\t\t\t<\/div>\n\t\t\t\t\t<\/div>\n\t\t<\/div>\n\t\t\t\t\t<\/div>\n\t\t<\/section>\n\t\t\t\t<\/div>\n\t\t","protected":false},"excerpt":{"rendered":"<p>Planilla para Monitoreo de Wellness Uno de nuestros objetivos es facilitar las tareas diarias de los profesionales de la industria del entrenamiento f\u00edsico. Por eso, hoy ponemos a tu disposici\u00f3n una planilla de c\u00e1lculo completamente gratuita con la que podr\u00e1s &hellip; <\/p>\n","protected":false},"author":1,"featured_media":0,"parent":0,"menu_order":0,"comment_status":"closed","ping_status":"closed","template":"elementor_header_footer","meta":{"_bbp_topic_count":0,"_bbp_reply_count":0,"_bbp_total_topic_count":0,"_bbp_total_reply_count":0,"_bbp_voice_count":0,"_bbp_anonymous_reply_count":0,"_bbp_topic_count_hidden":0,"_bbp_reply_count_hidden":0,"_bbp_forum_subforum_count":0,"pmpro_default_level":"","footnotes":""},"class_list":["post-1441","page","type-page","status-publish","hentry","pmpro-has-access"],"yoast_head":"<!-- This site is optimized with the Yoast SEO plugin v27.5 - https:\/\/yoast.com\/product\/yoast-seo-wordpress\/ -->\n<title>Gratis - Comunidad Lift<\/title>\n<meta name=\"robots\" content=\"index, follow, max-snippet:-1, max-image-preview:large, max-video-preview:-1\" \/>\n<link rel=\"canonical\" href=\"https:\/\/www.comunidadlift.com\/contenido-gratuito\/\" \/>\n<meta property=\"og:locale\" content=\"es_ES\" \/>\n<meta property=\"og:type\" content=\"article\" \/>\n<meta property=\"og:title\" content=\"Gratis - Comunidad Lift\" \/>\n<meta property=\"og:description\" content=\"Planilla para Monitoreo de Wellness Uno de nuestros objetivos es facilitar las tareas diarias de los profesionales de la industria del entrenamiento f\u00edsico. Por eso, hoy ponemos a tu disposici\u00f3n una planilla de c\u00e1lculo completamente gratuita con la que podr\u00e1s &hellip;\" \/>\n<meta property=\"og:url\" content=\"https:\/\/www.comunidadlift.com\/contenido-gratuito\/\" \/>\n<meta property=\"og:site_name\" content=\"Comunidad Lift\" \/>\n<meta property=\"article:modified_time\" content=\"2026-02-26T18:23:34+00:00\" \/>\n<meta property=\"og:image\" content=\"https:\/\/www.comunidadlift.com\/wp-content\/uploads\/2021\/11\/comunidadlift_rojo.svg\" \/>\n<meta name=\"twitter:card\" content=\"summary_large_image\" \/>\n<meta name=\"twitter:label1\" content=\"Tiempo de lectura\" \/>\n\t<meta name=\"twitter:data1\" content=\"1 minuto\" \/>\n<script type=\"application\/ld+json\" class=\"yoast-schema-graph\">{\"@context\":\"https:\\\/\\\/schema.org\",\"@graph\":[{\"@type\":\"WebPage\",\"@id\":\"https:\\\/\\\/www.comunidadlift.com\\\/contenido-gratuito\\\/\",\"url\":\"https:\\\/\\\/www.comunidadlift.com\\\/contenido-gratuito\\\/\",\"name\":\"Gratis - Comunidad Lift\",\"isPartOf\":{\"@id\":\"https:\\\/\\\/www.comunidadlift.com\\\/#website\"},\"primaryImageOfPage\":{\"@id\":\"https:\\\/\\\/www.comunidadlift.com\\\/contenido-gratuito\\\/#primaryimage\"},\"image\":{\"@id\":\"https:\\\/\\\/www.comunidadlift.com\\\/contenido-gratuito\\\/#primaryimage\"},\"thumbnailUrl\":\"https:\\\/\\\/www.comunidadlift.com\\\/wp-content\\\/uploads\\\/2021\\\/11\\\/comunidadlift_rojo.svg\",\"datePublished\":\"2021-11-25T13:31:10+00:00\",\"dateModified\":\"2026-02-26T18:23:34+00:00\",\"breadcrumb\":{\"@id\":\"https:\\\/\\\/www.comunidadlift.com\\\/contenido-gratuito\\\/#breadcrumb\"},\"inLanguage\":\"es-AR\",\"potentialAction\":[{\"@type\":\"ReadAction\",\"target\":[\"https:\\\/\\\/www.comunidadlift.com\\\/contenido-gratuito\\\/\"]}]},{\"@type\":\"ImageObject\",\"inLanguage\":\"es-AR\",\"@id\":\"https:\\\/\\\/www.comunidadlift.com\\\/contenido-gratuito\\\/#primaryimage\",\"url\":\"https:\\\/\\\/www.comunidadlift.com\\\/wp-content\\\/uploads\\\/2021\\\/11\\\/comunidadlift_rojo.svg\",\"contentUrl\":\"https:\\\/\\\/www.comunidadlift.com\\\/wp-content\\\/uploads\\\/2021\\\/11\\\/comunidadlift_rojo.svg\",\"width\":275,\"height\":96},{\"@type\":\"BreadcrumbList\",\"@id\":\"https:\\\/\\\/www.comunidadlift.com\\\/contenido-gratuito\\\/#breadcrumb\",\"itemListElement\":[{\"@type\":\"ListItem\",\"position\":1,\"name\":\"Inicio\",\"item\":\"https:\\\/\\\/www.comunidadlift.com\\\/\"},{\"@type\":\"ListItem\",\"position\":2,\"name\":\"Gratis\"}]},{\"@type\":\"WebSite\",\"@id\":\"https:\\\/\\\/www.comunidadlift.com\\\/#website\",\"url\":\"https:\\\/\\\/www.comunidadlift.com\\\/\",\"name\":\"Comunidad Lift\",\"description\":\"Tu \u00daltima Inversi\u00f3n En Educaci\u00f3n\",\"publisher\":{\"@id\":\"https:\\\/\\\/www.comunidadlift.com\\\/#organization\"},\"potentialAction\":[{\"@type\":\"SearchAction\",\"target\":{\"@type\":\"EntryPoint\",\"urlTemplate\":\"https:\\\/\\\/www.comunidadlift.com\\\/?s={search_term_string}\"},\"query-input\":{\"@type\":\"PropertyValueSpecification\",\"valueRequired\":true,\"valueName\":\"search_term_string\"}}],\"inLanguage\":\"es-AR\"},{\"@type\":\"Organization\",\"@id\":\"https:\\\/\\\/www.comunidadlift.com\\\/#organization\",\"name\":\"Comunidad Lift\",\"url\":\"https:\\\/\\\/www.comunidadlift.com\\\/\",\"logo\":{\"@type\":\"ImageObject\",\"inLanguage\":\"es-AR\",\"@id\":\"https:\\\/\\\/www.comunidadlift.com\\\/#\\\/schema\\\/logo\\\/image\\\/\",\"url\":\"https:\\\/\\\/www.comunidadlift.com\\\/wp-content\\\/uploads\\\/2021\\\/08\\\/isotipo_blanco_header.svg\",\"contentUrl\":\"https:\\\/\\\/www.comunidadlift.com\\\/wp-content\\\/uploads\\\/2021\\\/08\\\/isotipo_blanco_header.svg\",\"width\":78,\"height\":66,\"caption\":\"Comunidad Lift\"},\"image\":{\"@id\":\"https:\\\/\\\/www.comunidadlift.com\\\/#\\\/schema\\\/logo\\\/image\\\/\"}}]}<\/script>\n<!-- \/ Yoast SEO plugin. -->","yoast_head_json":{"title":"Gratis - Comunidad Lift","robots":{"index":"index","follow":"follow","max-snippet":"max-snippet:-1","max-image-preview":"max-image-preview:large","max-video-preview":"max-video-preview:-1"},"canonical":"https:\/\/www.comunidadlift.com\/contenido-gratuito\/","og_locale":"es_ES","og_type":"article","og_title":"Gratis - Comunidad Lift","og_description":"Planilla para Monitoreo de Wellness Uno de nuestros objetivos es facilitar las tareas diarias de los profesionales de la industria del entrenamiento f\u00edsico. Por eso, hoy ponemos a tu disposici\u00f3n una planilla de c\u00e1lculo completamente gratuita con la que podr\u00e1s &hellip;","og_url":"https:\/\/www.comunidadlift.com\/contenido-gratuito\/","og_site_name":"Comunidad Lift","article_modified_time":"2026-02-26T18:23:34+00:00","og_image":[{"url":"https:\/\/www.comunidadlift.com\/wp-content\/uploads\/2021\/11\/comunidadlift_rojo.svg","type":"","width":"","height":""}],"twitter_card":"summary_large_image","twitter_misc":{"Tiempo de lectura":"1 minuto"},"schema":{"@context":"https:\/\/schema.org","@graph":[{"@type":"WebPage","@id":"https:\/\/www.comunidadlift.com\/contenido-gratuito\/","url":"https:\/\/www.comunidadlift.com\/contenido-gratuito\/","name":"Gratis - Comunidad Lift","isPartOf":{"@id":"https:\/\/www.comunidadlift.com\/#website"},"primaryImageOfPage":{"@id":"https:\/\/www.comunidadlift.com\/contenido-gratuito\/#primaryimage"},"image":{"@id":"https:\/\/www.comunidadlift.com\/contenido-gratuito\/#primaryimage"},"thumbnailUrl":"https:\/\/www.comunidadlift.com\/wp-content\/uploads\/2021\/11\/comunidadlift_rojo.svg","datePublished":"2021-11-25T13:31:10+00:00","dateModified":"2026-02-26T18:23:34+00:00","breadcrumb":{"@id":"https:\/\/www.comunidadlift.com\/contenido-gratuito\/#breadcrumb"},"inLanguage":"es-AR","potentialAction":[{"@type":"ReadAction","target":["https:\/\/www.comunidadlift.com\/contenido-gratuito\/"]}]},{"@type":"ImageObject","inLanguage":"es-AR","@id":"https:\/\/www.comunidadlift.com\/contenido-gratuito\/#primaryimage","url":"https:\/\/www.comunidadlift.com\/wp-content\/uploads\/2021\/11\/comunidadlift_rojo.svg","contentUrl":"https:\/\/www.comunidadlift.com\/wp-content\/uploads\/2021\/11\/comunidadlift_rojo.svg","width":275,"height":96},{"@type":"BreadcrumbList","@id":"https:\/\/www.comunidadlift.com\/contenido-gratuito\/#breadcrumb","itemListElement":[{"@type":"ListItem","position":1,"name":"Inicio","item":"https:\/\/www.comunidadlift.com\/"},{"@type":"ListItem","position":2,"name":"Gratis"}]},{"@type":"WebSite","@id":"https:\/\/www.comunidadlift.com\/#website","url":"https:\/\/www.comunidadlift.com\/","name":"Comunidad Lift","description":"Tu \u00daltima Inversi\u00f3n En Educaci\u00f3n","publisher":{"@id":"https:\/\/www.comunidadlift.com\/#organization"},"potentialAction":[{"@type":"SearchAction","target":{"@type":"EntryPoint","urlTemplate":"https:\/\/www.comunidadlift.com\/?s={search_term_string}"},"query-input":{"@type":"PropertyValueSpecification","valueRequired":true,"valueName":"search_term_string"}}],"inLanguage":"es-AR"},{"@type":"Organization","@id":"https:\/\/www.comunidadlift.com\/#organization","name":"Comunidad Lift","url":"https:\/\/www.comunidadlift.com\/","logo":{"@type":"ImageObject","inLanguage":"es-AR","@id":"https:\/\/www.comunidadlift.com\/#\/schema\/logo\/image\/","url":"https:\/\/www.comunidadlift.com\/wp-content\/uploads\/2021\/08\/isotipo_blanco_header.svg","contentUrl":"https:\/\/www.comunidadlift.com\/wp-content\/uploads\/2021\/08\/isotipo_blanco_header.svg","width":78,"height":66,"caption":"Comunidad Lift"},"image":{"@id":"https:\/\/www.comunidadlift.com\/#\/schema\/logo\/image\/"}}]}},"_links":{"self":[{"href":"https:\/\/www.comunidadlift.com\/wp-json\/wp\/v2\/pages\/1441","targetHints":{"allow":["GET"]}}],"collection":[{"href":"https:\/\/www.comunidadlift.com\/wp-json\/wp\/v2\/pages"}],"about":[{"href":"https:\/\/www.comunidadlift.com\/wp-json\/wp\/v2\/types\/page"}],"author":[{"embeddable":true,"href":"https:\/\/www.comunidadlift.com\/wp-json\/wp\/v2\/users\/1"}],"replies":[{"embeddable":true,"href":"https:\/\/www.comunidadlift.com\/wp-json\/wp\/v2\/comments?post=1441"}],"version-history":[{"count":319,"href":"https:\/\/www.comunidadlift.com\/wp-json\/wp\/v2\/pages\/1441\/revisions"}],"predecessor-version":[{"id":28639,"href":"https:\/\/www.comunidadlift.com\/wp-json\/wp\/v2\/pages\/1441\/revisions\/28639"}],"wp:attachment":[{"href":"https:\/\/www.comunidadlift.com\/wp-json\/wp\/v2\/media?parent=1441"}],"curies":[{"name":"wp","href":"https:\/\/api.w.org\/{rel}","templated":true}]}}